{"id":6,"date":"2026-04-05T21:37:06","date_gmt":"2026-04-05T21:37:06","guid":{"rendered":"https:\/\/kuncisi.lv\/?page_id=6"},"modified":"2026-04-06T07:13:09","modified_gmt":"2026-04-06T07:13:09","slug":"home","status":"publish","type":"page","link":"https:\/\/kuncisi.lv\/","title":{"rendered":"S\u0101kums"},"content":{"rendered":"\n<div class=\"wp-block-cover alignfull\" style=\"margin-top:0;margin-bottom:0;padding-top:0;padding-right:0;padding-bottom:0;padding-left:0;min-height:680px;aspect-ratio:unset;\"><img loading=\"lazy\" decoding=\"async\" width=\"1024\" height=\"713\" class=\"wp-block-cover__image-background wp-image-75 size-large\" alt=\"\" src=\"http:\/\/kuncisi.lv\/wp-content\/uploads\/2026\/04\/1-1024x713.jpg\" data-object-fit=\"cover\" srcset=\"https:\/\/kuncisi.lv\/wp-content\/uploads\/2026\/04\/1-1024x713.jpg 1024w, https:\/\/kuncisi.lv\/wp-content\/uploads\/2026\/04\/1-300x209.jpg 300w, https:\/\/kuncisi.lv\/wp-content\/uploads\/2026\/04\/1-768x534.jpg 768w, https:\/\/kuncisi.lv\/wp-content\/uploads\/2026\/04\/1-1536x1069.jpg 1536w, https:\/\/kuncisi.lv\/wp-content\/uploads\/2026\/04\/1-2048x1425.jpg 2048w\" sizes=\"auto, (max-width: 1024px) 100vw, 1024px\" \/><span aria-hidden=\"true\" class=\"wp-block-cover__background has-background-dim-40 has-background-dim\" style=\"background-color:#3b1c01\"><\/span><div class=\"wp-block-cover__inner-container is-layout-constrained wp-container-core-cover-is-layout-72d38984 wp-block-cover-is-layout-constrained\">\n<div style=\"height:4rem\" aria-hidden=\"true\" class=\"wp-block-spacer\"><\/div>\n\n\n\n<p><\/p>\n\n\n\n<h2 class=\"wp-block-heading has-text-align-center p-scale-change-animation has-white-color has-text-color has-xx-large-font-size\" style=\"margin-top:var(--wp--preset--spacing--large);margin-bottom:var(--wp--preset--spacing--large);padding-top:var(--wp--preset--spacing--large);padding-right:var(--wp--preset--spacing--small);padding-bottom:var(--wp--preset--spacing--small);padding-left:var(--wp--preset--spacing--small);font-style:normal;font-weight:700\">Viesum\u0101ja \u201dKUNC\u012a\u0160I\u201d Murj\u0101\u0146os <\/h2>\n\n\n\n<h1 class=\"wp-block-heading has-white-color has-text-color has-link-color wp-elements-1349ae0a398ce24e80043ce19b67017a\">Laba vieta da\u017e\u0101d\u0101m \u0123imenes svin\u012bb\u0101m un korporat\u012bviem pas\u0101kumiem !<\/h1>\n\n\n\n<div class=\"wp-block-group alignwide has-white-color has-text-color has-link-color wp-elements-798acb83954e03c92bc22ec712024f35 is-layout-constrained wp-container-core-group-is-layout-65f55d19 wp-block-group-is-layout-constrained\" style=\"margin-top:var(--wp--preset--spacing--x-large);margin-bottom:0;padding-top:var(--wp--preset--spacing--small);padding-right:var(--wp--preset--spacing--small);padding-bottom:var(--wp--preset--spacing--small);padding-left:var(--wp--preset--spacing--small)\">\n<h2 class=\"wp-block-heading\"><strong>Gaid\u012bsim ciemos !<\/strong><\/h2>\n<\/div>\n<\/div><\/div>\n\n\n\n<div class=\"wp-block-group alignfull has-beige-background-color has-background is-layout-constrained wp-container-core-group-is-layout-5f6e68ec wp-block-group-is-layout-constrained\" style=\"margin-top:0px;margin-bottom:0px;padding-top:var(--wp--preset--spacing--large);padding-right:var(--wp--preset--spacing--small);padding-bottom:var(--wp--preset--spacing--large);padding-left:var(--wp--preset--spacing--small)\">\n<div class=\"wp-block-columns p-animation-text-moveUp is-layout-flex wp-container-core-columns-is-layout-1b715042 wp-block-columns-is-layout-flex\">\n<div class=\"wp-block-column is-vertically-aligned-center is-layout-flow wp-block-column-is-layout-flow\">\n<h1 class=\"wp-block-heading has-text-primary-color has-text-color has-large-font-size\">IDE\u0100LA ATP\u016aTA NO IKDIENAS RUT\u012aNAS<\/h1>\n\n\n\n<div style=\"height:8px\" aria-hidden=\"true\" class=\"wp-block-spacer\"><\/div>\n<\/div>\n\n\n\n<div class=\"wp-block-column is-layout-flow wp-block-column-is-layout-flow\"><\/div>\n\n\n\n<div class=\"wp-block-column is-vertically-aligned-center has-text-secondary-color has-text-color has-link-color has-normal-font-size wp-elements-785d2043d19f22013684825163b0b7db is-layout-flow wp-block-column-is-layout-flow\" style=\"border-left-width:3px;padding-right:var(--wp--preset--spacing--small);padding-left:var(--wp--preset--spacing--small)\">\n<p>Kontakti un k\u0101 m\u016bs atrast :<\/p>\n\n\n\n<p>Tel.<a href=\"http:\/\/+37129642556\"> +371 29642556<\/a><\/p>\n\n\n\n<div class=\"wp-block-columns is-layout-flex wp-container-core-columns-is-layout-28f84493 wp-block-columns-is-layout-flex\">\n<div class=\"wp-block-column is-layout-flow wp-block-column-is-layout-flow\" style=\"flex-basis:100%\">\n<a href=\"https:\/\/waze.com\/ul?ll=57.14818939370656,24.666122958184786&#038;navigate=yes\" target=\"_blank\" rel=\"noopener\">\n  <img decoding=\"async\" src=\"\/wp-content\/uploads\/waze.png\" alt=\"Waze\" style=\"width:40px;height:40px;\">\n<\/a>\n\n<\/div>\n<\/div>\n\n\n\n<a href=\"https:\/\/www.google.com\/maps?q=57.14818939370656,24.666122958184786\" target=\"_blank\" rel=\"noopener\">\n  <img decoding=\"async\" src=\"\/wp-content\/uploads\/google-maps.png\" alt=\"Google Maps\" style=\"width:40px;height:40px;\">\n<\/a>\n\n\n\n\n<p>E-pasts: <a href=\"mailto:ikk@inbox.lv\">ikk@inbox.lv<\/a><\/p>\n\n\n\n<p>\u201dKunc\u012b\u0161i\u201d , Murj\u0101\u0146i,<\/p>\n\n\n\n<p>Saulkrastu novads &#8211; 30km no R\u012bgas 15km no Siguldas 20km no Saulkrastiem<\/p>\n<\/div>\n<\/div>\n\n\n\n<h4 class=\"wp-block-heading\">Vieta svin\u012bb\u0101m, pirts un naktsm\u0101jas !<\/h4>\n\n\n\n<p>Pied\u0101v\u0101jam m\u0101j\u012bgas telpas svin\u012bb\u0101m l\u012bdz 30 cilv\u0113kiem.<\/p>\n\n\n\n<p>Stacion\u0101ra m\u016bzikas aparat\u016bra, gaismu efekti, k\u0101 ar\u012b projektors ar lielo ekr\u0101nu.<\/p>\n\n\n\n<p>Liela un karsta ar malku kurin\u0101ma pirts, auksts baseins, bet \u0101rpus\u0113 uz terases karst\u0101 ba\u013c\u013ca. Virtuve svin\u012bbu galdu serv\u0113\u0161anai, trauku un galdautu noma.<\/p>\n\n\n\n<p>Otraj\u0101 st\u0101v\u0101 varam izguldin\u0101t l\u012bdz 15 cilv\u0113kiem, bet ir pieejams ar\u012b komfortabls 2-viet\u012bgs VIP numuri\u0146\u0161 int\u012bm\u0101kiem br\u012b\u017eiem divat\u0101, k\u0101 ar\u012b 4-viet\u012bgs numuri\u0146\u0161 ar savu virtuves zonu ilgsto\u0161\u0101kai dz\u012bvo\u0161anai vasaras sezon\u0101 \u2013 t\u0101tad kop\u0101 varam izguld\u012bt l\u012bdz 20 cilv\u0113kiem.<\/p>\n\n\n\n<p>Viesu izklaidei pied\u0101v\u0101jam ar\u012b ekskursijas pa tuv\u0101k\u0101s apk\u0101rtnes iev\u0113rojam\u0101kaj\u0101m viet\u0101m,<\/p>\n\n\n\n<p>Iesak\u0101m pasp\u0113l\u0113t ar\u012b diskbolu bezmaksas me\u017ea tras\u0113 skaist\u0101 viet\u0101 pie S\u0113jas skolas !<\/p>\n\n\n\n<p>K\u0101z\u0101s un jubilej\u0101s pied\u0101v\u0101jam ar\u012b dz\u012bvo m\u016bziku da\u017e\u0101dos m\u016bzi\u0137u sast\u0101vos.<\/p>\n\n\n\n<p>Gaid\u0101m ciemos jaukus un atbild\u012bgus viesus !<\/p>\n\n\n\n<p>Sadarb\u012bbas partneri :<\/p>\n\n\n\n<ul class=\"wp-block-list\">\n<li>Banketu galdu kl\u0101\u0161ana &#8211; <a href=\"https:\/\/www.svetki-jums.lv\/\">https:\/\/www.svetki-jums.lv\/<\/a><\/li>\n\n\n\n<li>Peintbola parks 1942 Tel. <a href=\"http:\/\/+37126106581\">26106581<\/a><\/li>\n\n\n\n<li>Virtuve un galdu kl\u0101\u0161ana saimniece Agrita Tel. <a href=\"http:\/\/+37129846345\">29846345<\/a><\/li>\n<\/ul>\n\n\nngg_shortcode_0_placeholder\n<\/div>\n","protected":false},"excerpt":{"rendered":"<p>IDE\u0100LA ATP\u016aTA NO IKDIENAS RUT\u012aNAS Kontakti un k\u0101 m\u016bs atrast : Tel. +371 29642556 E-pasts:&hellip;<\/p>\n","protected":false},"author":1,"featured_media":0,"parent":0,"menu_order":0,"comment_status":"closed","ping_status":"closed","template":"","meta":{"ngg_post_thumbnail":0,"footnotes":""},"class_list":["post-6","page","type-page","status-publish","hentry"],"_links":{"self":[{"href":"https:\/\/kuncisi.lv\/index.php\/wp-json\/wp\/v2\/pages\/6","targetHints":{"allow":["GET"]}}],"collection":[{"href":"https:\/\/kuncisi.lv\/index.php\/wp-json\/wp\/v2\/pages"}],"about":[{"href":"https:\/\/kuncisi.lv\/index.php\/wp-json\/wp\/v2\/types\/page"}],"author":[{"embeddable":true,"href":"https:\/\/kuncisi.lv\/index.php\/wp-json\/wp\/v2\/users\/1"}],"replies":[{"embeddable":true,"href":"https:\/\/kuncisi.lv\/index.php\/wp-json\/wp\/v2\/comments?post=6"}],"version-history":[{"count":25,"href":"https:\/\/kuncisi.lv\/index.php\/wp-json\/wp\/v2\/pages\/6\/revisions"}],"predecessor-version":[{"id":178,"href":"https:\/\/kuncisi.lv\/index.php\/wp-json\/wp\/v2\/pages\/6\/revisions\/178"}],"wp:attachment":[{"href":"https:\/\/kuncisi.lv\/index.php\/wp-json\/wp\/v2\/media?parent=6"}],"curies":[{"name":"wp","href":"https:\/\/api.w.org\/{rel}","templated":true}]}}